2) to base 11
14
What is -102 (base 3) in base 14?
-b
Convert 131 (base 5) to base 2.
101001
Convert 7 (base 14) to base 10.
7
What is -3 (base 11) in base 7?
-3
10 (base 11) to base 6
15
-31 (base 5) to base 12
-14
What is -4 (base 12) in base 8?
-4
Convert 7a (base 11) to base 8.
127
What is 9a (base 15) in base 13?
b2
Convert 1 (base 12) to base 5.
1
What is 102 (base 4) in base 15?
13
What is 9 (base 16) in base 15?
9
Convert -1001 (base 2) to base 13.
-9
Convert 2a (base 14) to base 6.
102
Convert -11 (base 2) to base 8.
-3
Convert -84 (base 9) to base 5.
-301
What is 1 (base 15) in base 4?
1
What is -12b (base 12) in base 9?
-218
Convert 32 (base 7) to base 9.
25
Convert -6 (base 9) to base 16.
-6
What is 32 (base 5) in base 11?
16
16 (base 9) to base 7
21
-12 (base 10) to base 4
-30
-24 (base 10) to base 13
-1b
What is -8 (base 11) in base 3?
-22
What is b (base 14) in base 9?
12
Convert 10 (base 14) to base 6.
22
Convert -4 (base 10) to base 2.
-100
Convert 2 (base 15) to base 6.
2
-210 (base 10) to base 9
-253
What is 3 (base 11) in base 14?
3
-6 (base 13) to base 16
-6
Convert 46 (base 11) to base 7.
101
What is -20 (base 16) in base 2?
-100000
-2422 (base 5) to base 15
-192
3 (base 4) to base 8
3
Convert 7 (base 12) to base 6.
11
Convert 104 (base 9) to base 8.
125
What is 58 (base 10) in base 4?
322
-33 (base 9) to base 3
-1010
Convert 262 (base 8) to base 16.
b2
140 (base 10) to base 12
b8
-2021 (base 4) to base 16
-89
What is 1001001 (base 2) in base 10?
73
-28 (base 15) to base 12
-32
What is 120 (base 6) in base 3?
1210
Convert -10 (base 8) to base 10.
-8
3 (base 4) to base 11
3
Convert 304 (base 5) to base 9.
87
-102222 (base 3) to base 11
-274
Convert -5 (base 13) to base 6.
-5
Convert -123 (base 4) to base 12.
-23
1010011 (base 2) to base 6
215
Convert -12111 (base 3) to base 8.
-224
-1e (base 16) to base 14
-22
What is 8 (base 14) in base 12?
8
10 (base 9) to base 7
12
-211 (base 3) to base 16
-16
1 (base 5) to base 13
1
Convert -6 (base 10) to base 2.
-110
Convert -6 (base 13) to base 3.
-20
Convert -3 (base 14) to base 2.
-11
What is -9 (base 10) in base 6?
-13
Convert -112 (base 3) to base 7.
-20
What is -10 (base 2) in base 16?
-2
Convert -136 (base 8) to base 4.
-1132
Convert -74 (base 10) to base 8.
-112
122 (base 6) to base 15
35
What is -40 (base 7) in base 9?
-31
What is 18 (base 16) in base 10?
24
Convert -31 (base 4) to base 16.
-d
212 (base 4) to base 3
1102
What is -101 (base 3) in base 2?
-1010
Convert a (base 14) to base 16.
a
Convert 45 (base 15) to base 6.
145
-25 (base 6) to base 4
-101
-4 (base 13) to base 2
-100
Convert 60 (base 11) to base 8.
102
-35 (base 11) to base 4
-212
5 (base 8) to base 15
5
Convert 1 (base 6) to base 5.
1
What is -1 (base 2) in base 9?
-1
Convert 220 (base 8) to base 5.
1034
Convert -10011 (base 2) to base 3.
-201
What is 7 (base 9) in base 2?
111
2 (base 7) to base 6
2
What is -416 (base 7) in base 15?
-de
-1 (base 6) to base 5
-1
What is -8 (base 12) in base 15?
-8
45 (base 12) to base 15
38
Convert 30 (base 4) to base 10.
12
Convert -130 (base 4) to base 3.
-1001
What is 140 (base 9) in base 2?
1110101
What is 5 (base 10) in base 12?
5
Convert -100 (base 2) to base 9.
-4
Convert -6 (base 15) to base 3.
-20
-10010000 (base 2) to base 6
-400
Convert -5 (base 14) to base 6.
-5
Convert 2 (base 8) to base 14.
2
Convert 3 (base 13) to base 15.
3
1104 (base 5) to base 14
b0
What is -240 (base 6) in base 4?
-1200
-13 (base 13) to base 10
-16
Convert 13 (base 16) to base 6.
31
Convert -6 (base 12) to base 5.
-11
Convert 4 (base 6) to base 14.
4
111 (base 10) to base 16
6f
What is -2203 (base 4) in base 10?
-163
1 (base 8) to base 9
1
Convert 254 (base 7) to base 3.
12002
Convert -7 (base 10) to base 16.
-7
-35 (base 7) to base 14
-1c
What is -2241 (base 5) in base 13?
-1b9
Convert 21 (base 16) to base 10.
33
21 (base 6) to base 15
d
What is -15 (base 14) in base 3?
-201
Convert -1 (base 4) to base 9.
-1
What is 13 (base 13) in base 9?
17
Convert -233 (base 4) to base 15.
-32
Convert 13 (base 15) to base 12.
16
What is 1 (base 4) in base 5?
1
Convert -100 (base 3) to base 13.
-9
Convert -43 (base 12) to base 15.
-36
Convert -22 (base 16) to base 6.
-54
What is -100001 (base 2) in base 9?
-36
29 (base 13) to base 8
43
What is -1 (base 14) in base 13?
-1
-2 (base 16) to base 7
-2
Convert -2 (base 6) to base 3.
-2
0 (base 12) to base 9
0
14 (base 9) to base 15
d
Convert -112 (base 3) to base 11.
-13
Convert -2 (base 3) to base 4.
-2
22 (base 3) to base 5
13
What is 270 (base 8) in base 10?
184
124 (base 5) to base 9
43
What is -110 (base 3) in base 7?
-15
Convert 25 (base 11) to base 6.
43
What is -22 (base 6) in base 7?
-20
What is 32 (base 14) in base 11?
40
-166 (base 10) to base 6
-434
What is -341 (base 8) in base 4?
-3201
-33 (base 4) to base 2
-1111
What is -13c (base 16) in base 10?
-316
Convert -4 (base 15) to base 6.
-4
Convert -3 (base 10) to base 4.
-3
Convert 2 (base 6) to base 14.
2
Convert 331 (base 4) to base 12.
51
Convert -2110 (base 4) to base 13.
-b5
What is 26 (base 13) in base 14?
24
Convert a8 (base 16) to base 7.
330
Convert 20 (base 6) to base 3.
110
Convert -2 (base 11) to base 10.
-2
Convert 1055 (base 6) to base 5.
2001
Convert 201 (base 4) to base 3.
1020
12 (base 11) to base 14
d
Convert -c (base 14) to base 16.
-c
Convert -2 (base 16) to base 13.
-2
Convert -3 (base 15) to base 5.
-3
Convert -2 (base 12) to base 14.
-2
-35 (base 10) to base 4
-203
2 (base 14) to base 5
2
Convert -10110 (base 2) to base 12.
-1a
What is 1010 (base 2) in base 14?
a
What is 4 (base 16) in base 4?
10
-7 (base 11) to base 2
-111
Convert -7 (base 10) to base 15.
-7
What is -2 (base 12) in base 10?
-2
Convert 115 (base 6) to base 4.
233
Convert -93 (base 11) to base 4.
-1212
-7 (base 11) to base 15
-7
5 (base 6) to base 9
5
-13 (base 6) to base 11
-9
What is -9 (base 14) in base 12?
-9
-322 (base 5) to base 10
-87
What is 7 (base 16) in base 11?
7
What is 13 (base 10) in base 15?
d
What is 1e (base 16) in base 10?
30
What is -3 (base 12) in base 13?
-3
What is 1 (base 5) in base 9?
1
What is 313 (base 9) in base 5?
2010
-31 (base 5) to base 9
-17
201 (base 3) to base 4
103
-2 (base 6) to base 2
-10
-32 (base 4) to base 6
-22
Convert -13 (base 9) to base 5.
-22
-20 (base 8) to base 10
-16
-41 (base 13) to base 2
-110101
What is -10 (base 8) in base 14?
-8
110001 (base 2) to base 9
54
What is 40 (base 8) in base 6?
52
Convert -103 (base 6) to base 16.
-27
What is -7 (base 9) in base 5?
-12
What is -1110010 (base 2) in base 16?
-72
11 (base 3) to base 4
10
11111 (base 3) to base 5
441
Convert -288 (base 10) to base 13.
-192
-21 (base 9) to base 8
-23
What is -2 (base 4) in base 15?
-2
Convert 2 (base 11) to base 14.
2
What is -110001 (base 2) in base 16?
-31
3 (base 16) to base 14
3
What is 2 (base 10) in base 16?
2
What is 1b (base 15) in base 2?
11010
Convert 7 (base 10) to base 4.
13
What is -2 (base 12) in base 8?
-2
-20 (base 10) to base 3
-202
What is -11110 (base 3) in base 4?
-1320
What is 133 (base 4) in base 12?
27
-203 (base 10) to base 14
-107
Convert 16 (base 15) to base 9.
23
What is -5 (base 16) in base 10?
-5
Convert 2 (base 5) to base 11.
2
2 (base 11) to base 3
2
Convert 19 (base 11) to base 10.
20
What is 2100 (base 3) in base 9?
70
What is -4 (base 10) in base 5?
-4
-1 (base 8) to base 13
-1
-72 (base 9) to base 4
-1001
Convert 4 (base 6) to base 15.
4
-1 (base 15) to base 6
-1
What is 22 (base 3) in base 4?
20
What is 158 (base 10) in base 3?
12212
Convert -30 (base 14) to base 6.
-110
Convert 46 (base 9) to base 12.
36
What is -143 (base 11) in base 4?
-2220
Convert -23 (base 5) to base 16.
-d
Convert 17 (base 8) to base 13.
12
4 (base 16) to base 9
4
Convert 2 (base 9) to base 12.
2
Convert 20 (base 6) to base 14.
c
Convert 0 (base 14) to base 12.
0
What is -23 (base 11) in base 14?
-1b
What is -21 (base 14) in base 15?
-1e
Convert -10010010 (base 2) to base 5.
-1041
Convert 102 (base 3) to base 4.
23
Convert 110210 (base 3) to base 15.
180
What is -7 (base 13) in base 3?
-21
What is 10 (base 5) in base 16?
5
What is -3 (base 11) in base 12?
-3
-31 (base 7) to base 8
-26
What is 32 (base 9) in base 2?
11101
Convert 6 (base 15) to base 8.
6
Convert -120 (base